{"id":112,"date":"2026-04-24T08:57:53","date_gmt":"2026-04-24T06:57:53","guid":{"rendered":"https:\/\/lerch.ict-stage.ch\/?page_id=112"},"modified":"2026-04-28T09:56:03","modified_gmt":"2026-04-28T07:56:03","slug":"ueber-norwegen","status":"publish","type":"page","link":"https:\/\/lerch.ict-stage.ch\/index.php\/ueber-norwegen\/","title":{"rendered":"\u00fcber Norwegen"},"content":{"rendered":"<div class=\"et_pb_section_0 et_pb_section et_section_regular et_grid_section\"><\/div>\n\n<div class=\"et_pb_section_1 et_pb_section et_section_regular et_flex_section\">\n<div class=\"et_pb_row_0 et_pb_row et_flex_row\">\n<div class=\"et_pb_column_0 et_pb_column et-last-child et_flex_column et_pb_css_mix_blend_mode_passthrough et_flex_column_24_24 et_flex_column_24_24_tablet et_flex_column_24_24_phone\">\n<div class=\"et_pb_heading_0 et_pb_heading et_pb_module et_flex_module preset--module--divi-heading--default\"><div class=\"et_pb_heading_container\"><h1 class=\"et_pb_module_header\">Fakten \u00fcber Norwegen<\/h1><\/div><\/div>\n<\/div>\n<\/div>\n\n<div class=\"et_pb_row_1 et_pb_row et_flex_row\">\n<div class=\"et_pb_column_1 et_pb_column et_flex_column et_pb_css_mix_blend_mode_passthrough et_flex_column_6_24 et_flex_column_6_24_tablet et_flex_column_24_24_phone\">\n<div class=\"et_pb_number_counter_0 et_pb_number_counter et_pb_bg_layout_light et_pb_text_align_center et_pb_with_title et_pb_module et_flex_module\"><div class=\"percent\"><p><span class=\"percent-value\"><\/span><span class=\"percent-sign\"><\/span><\/p><\/div><h3 class=\"title\">Fjorde<\/h3><\/div>\n\n<div class=\"et_pb_number_counter_1 et_pb_number_counter et_pb_bg_layout_light et_pb_text_align_center et_pb_with_title et_pb_module et_flex_module\"><div class=\"percent\"><p><span class=\"percent-value\"><\/span><span class=\"percent-sign\"><\/span><\/p><\/div><h3 class=\"title\">klare N\u00e4chte<\/h3><\/div>\n<\/div>\n\n<div class=\"et_pb_column_2 et_pb_column et_flex_column et_pb_css_mix_blend_mode_passthrough et_flex_column_6_24 et_flex_column_6_24_tablet et_flex_column_24_24_phone\">\n<div class=\"et_pb_number_counter_2 et_pb_number_counter et_pb_bg_layout_light et_pb_text_align_center et_pb_with_title et_pb_module et_flex_module\"><div class=\"percent\"><p><span class=\"percent-value\"><\/span><span class=\"percent-sign\"><\/span><\/p><\/div><h3 class=\"title\">Km K\u00fcsten<\/h3><\/div>\n\n<div class=\"et_pb_number_counter_3 et_pb_number_counter et_pb_bg_layout_light et_pb_text_align_center et_pb_with_title et_pb_module et_flex_module\"><div class=\"percent\"><p><span class=\"percent-value\"><\/span><span class=\"percent-sign\"><\/span><\/p><\/div><h3 class=\"title\">Stunden Tageslicht<\/h3><\/div>\n<\/div>\n\n<div class=\"et_pb_column_3 et_pb_column et-last-child et_flex_column et_pb_css_mix_blend_mode_passthrough et_flex_column_12_24 et_flex_column_12_24_tablet et_flex_column_24_24_phone\">\n<div class=\"et_pb_text_0 et_pb_text et_pb_bg_layout_light et_pb_module et_flex_module\"><div class=\"et_pb_text_inner\"><p>1190 Fjorde pr\u00e4gen die K\u00fcste Norwegens, darunter der ber\u00fchmte Geirangerfjord, der zum UNESCO-Weltnaturerbe geh\u00f6rt.<\/p>\n<p>25000 Kilometer K\u00fcstenlinie \u2013 perfekt f\u00fcr Entdeckungen per Schiff, Kayak oder beim Angeln.<\/p>\n<p>24h Tageslicht - geniessen Sie Mitternachtssonne im Sommer.<\/p>\n<p>200 klare N\u00e4chte pro Jahr - Die Chance, die Polarlichter zu sehen, ist im Winter besonders hoch.<\/p>\n<p>46 Nationalparks laden dazu ein, Norwegens atemberaubende Natur zu Fuss oder mit dem Fahrrad zu erkunden.<\/p>\n<\/div><\/div>\n<\/div>\n<\/div>\n<\/div>\n\n<div class=\"et_pb_section_2 et_pb_section et_section_regular et_flex_section\">\n<div class=\"et_pb_row_2 et_pb_row et_flex_row\">\n<div class=\"et_pb_column_4 et_pb_column et_flex_column et_pb_css_mix_blend_mode_passthrough et_flex_column_8_24 et_flex_column_8_24_tablet et_flex_column_24_24_phone\">\n<div class=\"et_pb_image_0 et_pb_image et_pb_module et_flex_module\"><span class=\"et_pb_image_wrap\"><img loading=\"lazy\" decoding=\"async\" src=\"https:\/\/lerch.ict-stage.ch\/wp-content\/uploads\/2026\/04\/NOR_60.jpg\" title=\"NOR_60\" width=\"1500\" height=\"2250\" srcset=\"https:\/\/lerch.ict-stage.ch\/wp-content\/uploads\/2026\/04\/NOR_60.jpg 1500w, https:\/\/lerch.ict-stage.ch\/wp-content\/uploads\/2026\/04\/NOR_60-1280x1920.jpg 1280w, https:\/\/lerch.ict-stage.ch\/wp-content\/uploads\/2026\/04\/NOR_60-980x1470.jpg 980w, https:\/\/lerch.ict-stage.ch\/wp-content\/uploads\/2026\/04\/NOR_60-480x720.jpg 480w\" sizes=\"(min-width: 0px) and (max-width: 480px) 480px, (min-width: 481px) and (max-width: 980px) 980px, (min-width: 981px) and (max-width: 1280px) 1280px, (min-width: 1281px) 1500px, 100vw\" class=\"wp-image-67\" \/><\/span><\/div>\n<\/div>\n\n<div class=\"et_pb_column_5 et_pb_column et-last-child et_flex_column et_pb_css_mix_blend_mode_passthrough et_flex_column_16_24 et_flex_column_16_24_tablet et_flex_column_24_24_phone\">\n<div class=\"et_pb_text_1 et_pb_text et_pb_bg_layout_light et_pb_module et_flex_module\"><div class=\"et_pb_text_inner\" data-et-mv-hidden-phone=\"true\"><h5>Das Erbe der Wikinger<\/h5>\n<p>&nbsp;<\/p>\n<p>Die Wikingerzeit pr\u00e4gt Norwegens Identit\u00e4t bis heute. Historische St\u00e4tten, wie das Wikinger-Museum in Oslo oder erhaltene Wikingerschiffe, erz\u00e4hlen von der Abenteuerlust und dem Erfindungsreichtum dieser Seefahrer.<\/p>\n<\/div><\/div>\n<\/div>\n<\/div>\n<\/div>\n\n<div class=\"et_pb_section_3 et_pb_section et_section_regular et_flex_section\">\n<div class=\"et_pb_row_3 et_pb_row et_flex_row\">\n<div class=\"et_pb_column_6 et_pb_column et_flex_column et_pb_css_mix_blend_mode_passthrough et_flex_column_3_5 et_flex_column_3_5_tablet et_flex_column_24_24_phone\">\n<div class=\"et_pb_text_2 et_pb_text et_pb_bg_layout_light et_pb_module et_flex_module\"><div class=\"et_pb_text_inner\" data-et-mv-hidden-phone=\"true\"><h5>Moderne Kunst und Architektur<\/h5>\n<p>&nbsp;<\/p>\n<p>Norwegen ist Vorreiter in moderner Kunst und Architektur. Geb\u00e4ude wie das Opernhaus in Oslo oder das Astrup Fearnley Museum verbinden Tradition mit futuristischem Design und machen die St\u00e4dte zu Kunstwerken.<\/p>\n<\/div><\/div>\n<\/div>\n\n<div class=\"et_pb_column_7 et_pb_column et-last-child et_flex_column et_pb_css_mix_blend_mode_passthrough et_flex_column_2_5 et_flex_column_2_5_tablet et_flex_column_24_24_phone\">\n<div class=\"et_pb_image_1 et_pb_image et_pb_module et_flex_module\"><span class=\"et_pb_image_wrap\"><img loading=\"lazy\" decoding=\"async\" src=\"https:\/\/lerch.ict-stage.ch\/wp-content\/uploads\/2026\/04\/NOR_26.jpg\" title=\"NOR_26\" width=\"1732\" height=\"1299\" srcset=\"https:\/\/lerch.ict-stage.ch\/wp-content\/uploads\/2026\/04\/NOR_26.jpg 1732w, https:\/\/lerch.ict-stage.ch\/wp-content\/uploads\/2026\/04\/NOR_26-1280x960.jpg 1280w, https:\/\/lerch.ict-stage.ch\/wp-content\/uploads\/2026\/04\/NOR_26-980x735.jpg 980w, https:\/\/lerch.ict-stage.ch\/wp-content\/uploads\/2026\/04\/NOR_26-480x360.jpg 480w\" sizes=\"(min-width: 0px) and (max-width: 480px) 480px, (min-width: 481px) and (max-width: 980px) 980px, (min-width: 981px) and (max-width: 1280px) 1280px, (min-width: 1281px) 1732px, 100vw\" class=\"wp-image-33\" \/><\/span><\/div>\n<\/div>\n<\/div>\n<\/div>\n\n<div class=\"et_pb_section_4 et_pb_section et_section_regular et_flex_section\">\n<div class=\"et_pb_row_4 et_pb_row et_flex_row\">\n<div class=\"et_pb_column_8 et_pb_column et_flex_column et_pb_css_mix_blend_mode_passthrough et_flex_column_2_5 et_flex_column_2_5_tablet et_flex_column_24_24_phone\">\n<div class=\"et_pb_image_2 et_pb_image et_pb_module et_flex_module\"><span class=\"et_pb_image_wrap\"><img loading=\"lazy\" decoding=\"async\" src=\"https:\/\/lerch.ict-stage.ch\/wp-content\/uploads\/2026\/04\/NOR_36.jpg\" title=\"Eatwell Ecological Farm in California\" width=\"2048\" height=\"1535\" srcset=\"https:\/\/lerch.ict-stage.ch\/wp-content\/uploads\/2026\/04\/NOR_36.jpg 2048w, https:\/\/lerch.ict-stage.ch\/wp-content\/uploads\/2026\/04\/NOR_36-1280x959.jpg 1280w, https:\/\/lerch.ict-stage.ch\/wp-content\/uploads\/2026\/04\/NOR_36-980x735.jpg 980w, https:\/\/lerch.ict-stage.ch\/wp-content\/uploads\/2026\/04\/NOR_36-480x360.jpg 480w\" sizes=\"(min-width: 0px) and (max-width: 480px) 480px, (min-width: 481px) and (max-width: 980px) 980px, (min-width: 981px) and (max-width: 1280px) 1280px, (min-width: 1281px) 2048px, 100vw\" class=\"wp-image-43\" \/><\/span><\/div>\n<\/div>\n\n<div class=\"et_pb_column_9 et_pb_column et-last-child et_flex_column et_pb_css_mix_blend_mode_passthrough et_flex_column_3_5 et_flex_column_3_5_tablet et_flex_column_24_24_phone\">\n<div class=\"et_pb_text_3 et_pb_text et_pb_bg_layout_light et_pb_module et_flex_module\"><div class=\"et_pb_text_inner\" data-et-mv-hidden-phone=\"true\"><h5>Samische Kultur im hohen Norden<\/h5>\n<p>&nbsp;<\/p>\n<p>Im Norden lebt das indigene Volk der Samen. Traditionelle Rentierzucht, farbenfrohe Trachten und der Joik-Gesang sind nur einige Facetten dieser einzigartigen Kultur.<\/p>\n<\/div><\/div>\n<\/div>\n<\/div>\n<\/div>\n\n<div class=\"et_pb_section_5 et_pb_section et_section_regular et_flex_section\">\n<div class=\"et_pb_row_5 et_pb_row et_flex_row\">\n<div class=\"et_pb_column_10 et_pb_column et_flex_column et_pb_css_mix_blend_mode_passthrough et_flex_column_16_24 et_flex_column_16_24_tablet et_flex_column_24_24_phone\">\n<div class=\"et_pb_text_4 et_pb_text et_pb_bg_layout_light et_pb_module et_flex_module\"><div class=\"et_pb_text_inner\" data-et-mv-hidden-phone=\"true\"><h5>Verbundenheit mit der Natur<\/h5>\n<p>&nbsp;<\/p>\n<p>Norwegens Kultur ist eng mit der Natur verkn\u00fcpft. Traditionelle Bauweisen, wie die kunstvollen Stabkirchen, zeigen den tiefen Respekt der Norweger vor der Natur, der auch in ihrer Kunst und im Alltag zu sp\u00fcren ist.<\/p>\n<\/div><\/div>\n<\/div>\n\n<div class=\"et_pb_column_11 et_pb_column et-last-child et_flex_column et_pb_css_mix_blend_mode_passthrough et_flex_column_8_24 et_flex_column_8_24_tablet et_flex_column_24_24_phone\">\n<div class=\"et_pb_image_3 et_pb_image et_pb_module et_flex_module\"><span class=\"et_pb_image_wrap\"><img loading=\"lazy\" decoding=\"async\" src=\"https:\/\/lerch.ict-stage.ch\/wp-content\/uploads\/2026\/04\/NOR_37.jpg\" title=\"NOR_37\" width=\"1024\" height=\"1536\" srcset=\"https:\/\/lerch.ict-stage.ch\/wp-content\/uploads\/2026\/04\/NOR_37.jpg 1024w, https:\/\/lerch.ict-stage.ch\/wp-content\/uploads\/2026\/04\/NOR_37-980x1470.jpg 980w, https:\/\/lerch.ict-stage.ch\/wp-content\/uploads\/2026\/04\/NOR_37-480x720.jpg 480w\" sizes=\"(min-width: 0px) and (max-width: 480px) 480px, (min-width: 481px) and (max-width: 980px) 980px, (min-width: 981px) 1024px, 100vw\" class=\"wp-image-44\" \/><\/span><\/div>\n<\/div>\n<\/div>\n<\/div>\n\n<div class=\"et_pb_section_6 et_pb_section et_section_regular et_flex_section\">\n<div class=\"et_pb_row_6 et_pb_row et_flex_row\">\n<div class=\"et_pb_column_12 et_pb_column et_flex_column et_pb_column_empty et_pb_css_mix_blend_mode_passthrough et_flex_column_8_24 et_flex_column_8_24_tablet et_flex_column_24_24_phone\"><\/div>\n\n<div class=\"et_pb_column_13 et_pb_column et_flex_column et_pb_css_mix_blend_mode_passthrough et_flex_column_8_24 et_flex_column_8_24_tablet et_flex_column_24_24_phone\">\n<div class=\"et_pb_text_5 et_pb_text et_pb_bg_layout_light et_clickable et_pb_module et_flex_module\"><div class=\"et_pb_text_inner\"><p>Zu den Reiseberichten unserer Norwegenreisen \u2192<\/p>\n<\/div><\/div>\n<\/div>\n\n<div class=\"et_pb_column_14 et_pb_column et-last-child et_flex_column et_pb_column_empty et_pb_css_mix_blend_mode_passthrough et_flex_column_8_24 et_flex_column_8_24_tablet et_flex_column_24_24_phone\"><\/div>\n<\/div>\n<\/div>","protected":false},"excerpt":{"rendered":"","protected":false},"author":1,"featured_media":0,"parent":0,"menu_order":0,"comment_status":"closed","ping_status":"closed","template":"","meta":{"footnotes":""},"class_list":["post-112","page","type-page","status-publish","hentry"],"_links":{"self":[{"href":"https:\/\/lerch.ict-stage.ch\/index.php\/wp-json\/wp\/v2\/pages\/112","targetHints":{"allow":["GET"]}}],"collection":[{"href":"https:\/\/lerch.ict-stage.ch\/index.php\/wp-json\/wp\/v2\/pages"}],"about":[{"href":"https:\/\/lerch.ict-stage.ch\/index.php\/wp-json\/wp\/v2\/types\/page"}],"author":[{"embeddable":true,"href":"https:\/\/lerch.ict-stage.ch\/index.php\/wp-json\/wp\/v2\/users\/1"}],"replies":[{"embeddable":true,"href":"https:\/\/lerch.ict-stage.ch\/index.php\/wp-json\/wp\/v2\/comments?post=112"}],"version-history":[{"count":50,"href":"https:\/\/lerch.ict-stage.ch\/index.php\/wp-json\/wp\/v2\/pages\/112\/revisions"}],"predecessor-version":[{"id":547,"href":"https:\/\/lerch.ict-stage.ch\/index.php\/wp-json\/wp\/v2\/pages\/112\/revisions\/547"}],"wp:attachment":[{"href":"https:\/\/lerch.ict-stage.ch\/index.php\/wp-json\/wp\/v2\/media?parent=112"}],"curies":[{"name":"wp","href":"https:\/\/api.w.org\/{rel}","templated":true}]}}

über Norwegen

<div class="et_pb_section_0 et_pb_section et_section_regular et_grid_section"></div>

<div class="et_pb_section_1 et_pb_section et_section_regular et_flex_section">
<div class="et_pb_row_0 et_pb_row et_flex_row">
<div class="et_pb_column_0 et_pb_column et-last-child et_flex_column et_pb_css_mix_blend_mode_passthrough et_flex_column_24_24 et_flex_column_24_24_tablet et_flex_column_24_24_phone">
<div class="et_pb_heading_0 et_pb_heading et_pb_module et_flex_module preset--module--divi-heading--default"><div class="et_pb_heading_container"><h1 class="et_pb_module_header">Fakten über Norwegen</h1></div></div>
</div>
</div>

<div class="et_pb_row_1 et_pb_row et_flex_row">
<div class="et_pb_column_1 et_pb_column et_flex_column et_pb_css_mix_blend_mode_passthrough et_flex_column_6_24 et_flex_column_6_24_tablet et_flex_column_24_24_phone">
<div class="et_pb_number_counter_0 et_pb_number_counter et_pb_bg_layout_light et_pb_text_align_center et_pb_with_title et_pb_module et_flex_module"><div class="percent"><p><span class="percent-value"></span><span class="percent-sign"></span></p></div><h3 class="title">Fjorde</h3></div>

<div class="et_pb_number_counter_1 et_pb_number_counter et_pb_bg_layout_light et_pb_text_align_center et_pb_with_title et_pb_module et_flex_module"><div class="percent"><p><span class="percent-value"></span><span class="percent-sign"></span></p></div><h3 class="title">klare Nächte</h3></div>
</div>

<div class="et_pb_column_2 et_pb_column et_flex_column et_pb_css_mix_blend_mode_passthrough et_flex_column_6_24 et_flex_column_6_24_tablet et_flex_column_24_24_phone">
<div class="et_pb_number_counter_2 et_pb_number_counter et_pb_bg_layout_light et_pb_text_align_center et_pb_with_title et_pb_module et_flex_module"><div class="percent"><p><span class="percent-value"></span><span class="percent-sign"></span></p></div><h3 class="title">Km Küsten</h3></div>

<div class="et_pb_number_counter_3 et_pb_number_counter et_pb_bg_layout_light et_pb_text_align_center et_pb_with_title et_pb_module et_flex_module"><div class="percent"><p><span class="percent-value"></span><span class="percent-sign"></span></p></div><h3 class="title">Stunden Tageslicht</h3></div>
</div>

<div class="et_pb_column_3 et_pb_column et-last-child et_flex_column et_pb_css_mix_blend_mode_passthrough et_flex_column_12_24 et_flex_column_12_24_tablet et_flex_column_24_24_phone">
<div class="et_pb_text_0 et_pb_text et_pb_bg_layout_light et_pb_module et_flex_module"><div class="et_pb_text_inner"><p>1190 Fjorde prägen die Küste Norwegens, darunter der berühmte Geirangerfjord, der zum UNESCO-Weltnaturerbe gehört.</p>
<p>25000 Kilometer Küstenlinie – perfekt für Entdeckungen per Schiff, Kayak oder beim Angeln.</p>
<p>24h Tageslicht - geniessen Sie Mitternachtssonne im Sommer.</p>
<p>200 klare Nächte pro Jahr - Die Chance, die Polarlichter zu sehen, ist im Winter besonders hoch.</p>
<p>46 Nationalparks laden dazu ein, Norwegens atemberaubende Natur zu Fuss oder mit dem Fahrrad zu erkunden.</p>
</div></div>
</div>
</div>
</div>

<div class="et_pb_section_2 et_pb_section et_section_regular et_flex_section">
<div class="et_pb_row_2 et_pb_row et_flex_row">
<div class="et_pb_column_4 et_pb_column et_flex_column et_pb_css_mix_blend_mode_passthrough et_flex_column_8_24 et_flex_column_8_24_tablet et_flex_column_24_24_phone">
<div class="et_pb_image_0 et_pb_image et_pb_module et_flex_module"><span class="et_pb_image_wrap"><img loading="lazy" decoding="async" src="https://lerch.ict-stage.ch/wp-content/uploads/2026/04/NOR_60.jpg" title="NOR_60" width="1500" height="2250" srcset="https://lerch.ict-stage.ch/wp-content/uploads/2026/04/NOR_60.jpg 1500w, https://lerch.ict-stage.ch/wp-content/uploads/2026/04/NOR_60-1280x1920.jpg 1280w, https://lerch.ict-stage.ch/wp-content/uploads/2026/04/NOR_60-980x1470.jpg 980w, https://lerch.ict-stage.ch/wp-content/uploads/2026/04/NOR_60-480x720.jpg 480w" sizes="(min-width: 0px) and (max-width: 480px) 480px, (min-width: 481px) and (max-width: 980px) 980px, (min-width: 981px) and (max-width: 1280px) 1280px, (min-width: 1281px) 1500px, 100vw" class="wp-image-67" /></span></div>
</div>

<div class="et_pb_column_5 et_pb_column et-last-child et_flex_column et_pb_css_mix_blend_mode_passthrough et_flex_column_16_24 et_flex_column_16_24_tablet et_flex_column_24_24_phone">
<div class="et_pb_text_1 et_pb_text et_pb_bg_layout_light et_pb_module et_flex_module"><div class="et_pb_text_inner" data-et-mv-hidden-phone="true"><h5>Das Erbe der Wikinger</h5>
<p>&nbsp;</p>
<p>Die Wikingerzeit prägt Norwegens Identität bis heute. Historische Stätten, wie das Wikinger-Museum in Oslo oder erhaltene Wikingerschiffe, erzählen von der Abenteuerlust und dem Erfindungsreichtum dieser Seefahrer.</p>
</div></div>
</div>
</div>
</div>

<div class="et_pb_section_3 et_pb_section et_section_regular et_flex_section">
<div class="et_pb_row_3 et_pb_row et_flex_row">
<div class="et_pb_column_6 et_pb_column et_flex_column et_pb_css_mix_blend_mode_passthrough et_flex_column_3_5 et_flex_column_3_5_tablet et_flex_column_24_24_phone">
<div class="et_pb_text_2 et_pb_text et_pb_bg_layout_light et_pb_module et_flex_module"><div class="et_pb_text_inner" data-et-mv-hidden-phone="true"><h5>Moderne Kunst und Architektur</h5>
<p>&nbsp;</p>
<p>Norwegen ist Vorreiter in moderner Kunst und Architektur. Gebäude wie das Opernhaus in Oslo oder das Astrup Fearnley Museum verbinden Tradition mit futuristischem Design und machen die Städte zu Kunstwerken.</p>
</div></div>
</div>

<div class="et_pb_column_7 et_pb_column et-last-child et_flex_column et_pb_css_mix_blend_mode_passthrough et_flex_column_2_5 et_flex_column_2_5_tablet et_flex_column_24_24_phone">
<div class="et_pb_image_1 et_pb_image et_pb_module et_flex_module"><span class="et_pb_image_wrap"><img loading="lazy" decoding="async" src="https://lerch.ict-stage.ch/wp-content/uploads/2026/04/NOR_26.jpg" title="NOR_26" width="1732" height="1299" srcset="https://lerch.ict-stage.ch/wp-content/uploads/2026/04/NOR_26.jpg 1732w, https://lerch.ict-stage.ch/wp-content/uploads/2026/04/NOR_26-1280x960.jpg 1280w, https://lerch.ict-stage.ch/wp-content/uploads/2026/04/NOR_26-980x735.jpg 980w, https://lerch.ict-stage.ch/wp-content/uploads/2026/04/NOR_26-480x360.jpg 480w" sizes="(min-width: 0px) and (max-width: 480px) 480px, (min-width: 481px) and (max-width: 980px) 980px, (min-width: 981px) and (max-width: 1280px) 1280px, (min-width: 1281px) 1732px, 100vw" class="wp-image-33" /></span></div>
</div>
</div>
</div>

<div class="et_pb_section_4 et_pb_section et_section_regular et_flex_section">
<div class="et_pb_row_4 et_pb_row et_flex_row">
<div class="et_pb_column_8 et_pb_column et_flex_column et_pb_css_mix_blend_mode_passthrough et_flex_column_2_5 et_flex_column_2_5_tablet et_flex_column_24_24_phone">
<div class="et_pb_image_2 et_pb_image et_pb_module et_flex_module"><span class="et_pb_image_wrap"><img loading="lazy" decoding="async" src="https://lerch.ict-stage.ch/wp-content/uploads/2026/04/NOR_36.jpg" title="Eatwell Ecological Farm in California" width="2048" height="1535" srcset="https://lerch.ict-stage.ch/wp-content/uploads/2026/04/NOR_36.jpg 2048w, https://lerch.ict-stage.ch/wp-content/uploads/2026/04/NOR_36-1280x959.jpg 1280w, https://lerch.ict-stage.ch/wp-content/uploads/2026/04/NOR_36-980x735.jpg 980w, https://lerch.ict-stage.ch/wp-content/uploads/2026/04/NOR_36-480x360.jpg 480w" sizes="(min-width: 0px) and (max-width: 480px) 480px, (min-width: 481px) and (max-width: 980px) 980px, (min-width: 981px) and (max-width: 1280px) 1280px, (min-width: 1281px) 2048px, 100vw" class="wp-image-43" /></span></div>
</div>

<div class="et_pb_column_9 et_pb_column et-last-child et_flex_column et_pb_css_mix_blend_mode_passthrough et_flex_column_3_5 et_flex_column_3_5_tablet et_flex_column_24_24_phone">
<div class="et_pb_text_3 et_pb_text et_pb_bg_layout_light et_pb_module et_flex_module"><div class="et_pb_text_inner" data-et-mv-hidden-phone="true"><h5>Samische Kultur im hohen Norden</h5>
<p>&nbsp;</p>
<p>Im Norden lebt das indigene Volk der Samen. Traditionelle Rentierzucht, farbenfrohe Trachten und der Joik-Gesang sind nur einige Facetten dieser einzigartigen Kultur.</p>
</div></div>
</div>
</div>
</div>

<div class="et_pb_section_5 et_pb_section et_section_regular et_flex_section">
<div class="et_pb_row_5 et_pb_row et_flex_row">
<div class="et_pb_column_10 et_pb_column et_flex_column et_pb_css_mix_blend_mode_passthrough et_flex_column_16_24 et_flex_column_16_24_tablet et_flex_column_24_24_phone">
<div class="et_pb_text_4 et_pb_text et_pb_bg_layout_light et_pb_module et_flex_module"><div class="et_pb_text_inner" data-et-mv-hidden-phone="true"><h5>Verbundenheit mit der Natur</h5>
<p>&nbsp;</p>
<p>Norwegens Kultur ist eng mit der Natur verknüpft. Traditionelle Bauweisen, wie die kunstvollen Stabkirchen, zeigen den tiefen Respekt der Norweger vor der Natur, der auch in ihrer Kunst und im Alltag zu spüren ist.</p>
</div></div>
</div>

<div class="et_pb_column_11 et_pb_column et-last-child et_flex_column et_pb_css_mix_blend_mode_passthrough et_flex_column_8_24 et_flex_column_8_24_tablet et_flex_column_24_24_phone">
<div class="et_pb_image_3 et_pb_image et_pb_module et_flex_module"><span class="et_pb_image_wrap"><img loading="lazy" decoding="async" src="https://lerch.ict-stage.ch/wp-content/uploads/2026/04/NOR_37.jpg" title="NOR_37" width="1024" height="1536" srcset="https://lerch.ict-stage.ch/wp-content/uploads/2026/04/NOR_37.jpg 1024w, https://lerch.ict-stage.ch/wp-content/uploads/2026/04/NOR_37-980x1470.jpg 980w, https://lerch.ict-stage.ch/wp-content/uploads/2026/04/NOR_37-480x720.jpg 480w" sizes="(min-width: 0px) and (max-width: 480px) 480px, (min-width: 481px) and (max-width: 980px) 980px, (min-width: 981px) 1024px, 100vw" class="wp-image-44" /></span></div>
</div>
</div>
</div>

<div class="et_pb_section_6 et_pb_section et_section_regular et_flex_section">
<div class="et_pb_row_6 et_pb_row et_flex_row">
<div class="et_pb_column_12 et_pb_column et_flex_column et_pb_column_empty et_pb_css_mix_blend_mode_passthrough et_flex_column_8_24 et_flex_column_8_24_tablet et_flex_column_24_24_phone"></div>

<div class="et_pb_column_13 et_pb_column et_flex_column et_pb_css_mix_blend_mode_passthrough et_flex_column_8_24 et_flex_column_8_24_tablet et_flex_column_24_24_phone">
<div class="et_pb_text_5 et_pb_text et_pb_bg_layout_light et_clickable et_pb_module et_flex_module"><div class="et_pb_text_inner"><p>Zu den Reiseberichten unserer Norwegenreisen →</p>
</div></div>
</div>

<div class="et_pb_column_14 et_pb_column et-last-child et_flex_column et_pb_column_empty et_pb_css_mix_blend_mode_passthrough et_flex_column_8_24 et_flex_column_8_24_tablet et_flex_column_24_24_phone"></div>
</div>
</div>
